 10.
2
Let v be (-11)/55 - (2 - (-12)/(-10)). Let q = v - -11. Calculate the highest common divisor of 50 and q.
10
Let c(p) = 6*p - 2*p**3 - 14*p + 8 + 3*p**3 + 6*p**2. Let u be c(-7). Suppose -b = -u + 9. What is the highest common factor of 24 and b?
6
Let q = -1 - -9. Suppose i = -2*v - 3 + 1, 0 = -2*i - 2*v + 4. Suppose -q*g - i = -9*g. What is the highest common factor of g and 3?
3
Let u be -2 - (-57)/2*26/39. Let h = -50 + 135. What is the greatest common factor of h and u?
17
Suppose -38 = -5*r - a, -4*r - a + 23 = -8. Suppose -2*f + 57 = -r. Suppose -12*i + 10*i = -96. Calculate the highest common factor of f and i.
16
Suppose 3 + 3 = 4*i - 2*l, 2*i - 4*l = -12. Suppose -w + 14 = i. What is the greatest common divisor of 90 and w?
10
Let o be 903/258 - 129/(-2). What is the greatest common factor of o and 170?
34
Let v(w) = 4*w**2 + 9*w + 2. Let h be v(6). Let u be (-2)/9 - h/(-9). Suppose -4*t = 5 - 13. What is the highest common divisor of u and t?
2
Let w = 213 + 155. What is the highest common divisor of w and 23?
23
Let q = 216 + -136. Suppose -4*s + j + 36 = -12, -2*s + 2*j = -30. Let m = 31 - s. Calculate the highest common factor of q and m.
20
Let x(c) = c**2 + 22*c - 9. Let k be x(-30). Let p(t) = -37*t + 2. Let n be p(2). Let d = -51 - n. What is the greatest common divisor of k and d?
21
Let x be 20/(-18)*-75*(-136 - -139). What is the highest common divisor of 10 and x?
10
Let q be 1035/3*2/(-5). Let g(j) = -3*j - 2. Let f be g(2). Let c be q/f + 12/(-48). What is the highest common divisor of 136 and c?
17
Let v = -89 - -206. Suppose -l + q + 8 = -5, 3*l = -q + 39. Calculate the greatest common divisor of v and l.
13
Suppose 2*b - 16 = -2*b. Suppose -b*p - p = 15. Let a be (16/p)/((-8)/12). Calculate the highest common divisor of 1 and a.
1
Let b = -27 - -29. Suppose 0*i - 5*i + 23 = b*v, -4 = -i - v. Calculate the highest common divisor of 40 and i.
5
Let h(r) = 4*r**2 + 9*r + 10. Let i be h(-7). Let q = -59 - -64. Suppose -3*v + 21 = n - q*v, 2*n - 6 = -5*v. Calculate the greatest common factor of n and i.
13
Let b = 752 - 706. What is the highest common divisor of b and 18?
2
Let a be (24/(-14))/(2/(-56)). Let v = 193 + -181. Calculate the greatest common factor of v and a.
12
Let c(h) = 2*h**2 + 3*h - 30. Let z be c(-6). What is the greatest common divisor of 192 and z?
24
Suppose 0 = -0*j - 3*j - 12. Let n = -3 - -5. Let y be (-838)/(-4) + n/j. Calculate the greatest common divisor of 19 and y.
19
Let y(l) = -l + 6. Let p be y(5). Let s be ((-2 + 2)/p)/2. Suppose -3*v = 2*v + 25, s = -5*b - 3*v - 5. What is the greatest common divisor of 12 and b?
2
Suppose -45*o = -50*o + 30. Suppose o*l - 2*l = 48. What is the greatest common divisor of 84 and l?
12
Let z = -797 - -372. Let c = 623 + z. What is the greatest common divisor of c and 18?
18
Suppose -3*m - 880 = -7*m. Let o(z) be the first derivative of 4*z**3/3 + 4*z - 12. Let a be o(2). Calculate the greatest common divisor of a and m.
20
Suppose 2*j = 5*q - 109, 5*j - 9 - 6 = 0. Calculate the highest common factor of 437 and q.
23
Let z(i) = i**3 - 7*i**2 + 6*i - 12. Let s = -12 + 18. Let k be z(s). Let g be 4 + 6 - k/(-3). Calculate the highest common factor of g and 18.
6
Let p(i) = 17*i - 11. Let q be p(5). Let s = q - -102. Calculate the highest common factor of s and 16.
16
Let a be 1/((6/(-44))/(-3)). Let p(t) = t**3 + 11*t**2 - 16*t - 15. Let v be p(-12). Let c be 20/3*v/a. Calculate the highest common divisor of 25 and c.
5
Let s = -8 - -10. Suppose 2*i = -4*h - 16, 0 = -5*i - 4*h - 8 - s. Let w be 28/i*(-3)/(-6). What is the highest common factor of w and 49?
7
Suppose 2*r + 1782 = 5*v - 1728, 4*v - r = 2808. What is the highest common divisor of v and 26?
26
Let r be (1 - -5)*20/8. Suppose -r*t + 336 = -7*t. What is the greatest common factor of 84 and t?
42
Let b = 72 - 73. Let a = -86 + 120. Let i = a - b. What is the greatest common factor of i and 5?
5
Let r = -184 - -199. Calculate the highest common divisor of r and 3.
3
Suppose -z + 5*c - 9 + 4 = 0, -z - 3*c = -19. Let l(b) = -52*b**2 + b - 2. Let n be l(-2). Let p = n + 322. What is the greatest common divisor of p and z?
10
Suppose 0 = -62*w + 8*w + 4536. What is the greatest common divisor of w and 1344?
84
Let h be 9/2*8/12. Let a(b) be the second derivative of -b**4/12 - 5*b**3/6 + 3*b**2/2 + 3*b. Let d be a(-3). Calculate the highest common factor of d and h.
3
Let o = -145 + 146. Let f(h) = h**3 - 5*h**2 - h - 4. Let d be f(5). Let u be (-25)/d + (-4)/(-18). What is the highest common divisor of u and o?
1
Suppose 2*b = -4*s + 320, 2*b - 158 = -4*s + 2*s. Suppose -s = -5*x - 1. What is the greatest common divisor of x and 88?
8
Let s be 119 - (-2 - -2) - 2. Let g = -13512 + 13525. Calculate the highest common divisor of g and s.
13
Suppose -18 = -9*f - 0. Let l be (-3 + f - 2) + 84. Calculate the highest common factor of l and 27.
27
Let l(k) = 22*k**2 - 17*k - 95. Let t be l(-5). What is the greatest common factor of 80 and t?
20
Suppose 3*n = 8*n - 110. Let b = 10 + n. Let o = b + 1. What is the highest common factor of 3 and o?
3
Let n(g) = 2*g**3 - 18*g**2 - 18*g - 8. Let j be n(10). What is the highest common divisor of j and 78?
6
Suppose 2*y - t + 654 = 0, y + 0*y + 2*t = -337. Let d = -225 - y. Suppose 39 = -0*g + 3*g. Calculate the greatest common factor of d and g.
13
Suppose 4*w = -3*z - w + 2011, 4*w + 4 = 0. What is the highest common factor of z and 480?
96
Let d be ((-4 - (3 + -8))*42)/2. Suppose 3*m - 21 = -k + 15, -2*m - 74 = -4*k. Calculate the greatest common divisor of d and k.
21
Let s be (234/15)/(33/220). Let l = s + -96. Calculate the highest common factor of l and 24.
8
Suppose 5*f = 4*f + 3. Suppose 4*s - 149 = 5*y, -4*s + f*y + 26 = -121. Calculate the highest common divisor of s and 396.
36
Let n = -23 + 35. Suppose 4*v + 104 = 4*y, 0 = -37*y + 39*y + 3*v - 12. What is the greatest common divisor of n and y?
6
Let b = -37 + 38. Let u be (b + (-5)/15)*30/2. Calculate the greatest common divisor of u and 80.
10
Let t(d) = -2*d - 43. Let v be t(-24). Let n(r) = 2*r**2 - 4*r - 5. Let q be n(5). What is the highest common factor of v and q?
5
Suppose g + 2*r = 4*r - 164, 164 = -g - r. Let q = -54 - g. Calculate the greatest common factor of q and 44.
22
Suppose -2*o - o = s + 382, 0 = -5*s - 3*o - 1958. Let u be 8/(-56) - s/14. What is the highest common divisor of 14 and u?
14
Suppose 11 = 5*b - 114. Suppose 4*g + b = 57. Suppose 2*u + 24 = 3*u. Calculate the highest common divisor of g and u.
8
Let a(q) = q**3 - 5*q**2 + 2*q - 7. Let o be a(5). Let t = 144 - 49. Let d be 304/t*15/2. Calculate the highest common factor of d and o.
3
Let h(x) = -34*x - 28. Let v be h(-6). What is the greatest common divisor of v and 16?
16
Suppose 0 = -406*v + 398*v + 280. Calculate the highest common divisor of 30 and v.
5
Let d = 1813 + -1786. What is the greatest common divisor of d and 18?
9
Let b = -100 - -103. Suppose 2*t - 4 = 0, 0 = 3*l - b*t - 75 - 24. What is the greatest common factor of l and 14?
7
Let i be (-24)/4 + 40/5 - -3. What is the highest common factor of i and 445?
5
Suppose -8*x = -7*x. Suppose -5*b + 29 + 31 = x. Suppose w - l - 88 = 0, -2*w + 2*l = -2*l - 184. What is the greatest common divisor of b and w?
12
Let j(n) = -6*n**2 + 367*n + 84. Let o be j(60). Calculate the highest common factor of o and 189.
63
Suppose -549 = -11*k + 353. What is the highest common divisor of 287 and k?
41
Let f be (18/(-15))/(9/(-300)). Let x(p) = -3*p + 21. Let z be x(4). Suppose -z*w + 891 = -9. Calculate the greatest common factor of f and w.
20
Let d(k) = 3*k - 86. Let f be d(33). Calculate the greatest common factor of 1651 and f.
13
Let f = 1797 + -1173. What is the greatest common divisor of 16 and f?
16
Let a be 1/(-5) - (-4)/20. Suppose a = -5*r - r + 12. Let g be (4/6)/(8/12). Calculate the greatest common factor of r and g.
1
Suppose 4*l - 108 = -2*l. Let v be ((-48)/l)/(4/(-192)). Calculate the highest common factor of v and 8.
8
Suppose 3*x = 2*d - 762, 3*x = x - 3*d - 495. Let l be (-1 - 14/8)/(7/x). Calculate the greatest common factor of l and 9.
9
Let r(u) = u + 9. Let b be r(-7). Let f be b + (-3 + -3)*(1 + -2). Calculate the greatest common factor of f 